f) = -f**2 - f + 1. Let z(d) = u(d) - 6*y(d). Let v(h) = -2*h**2 - h + 1. Let t(l) = -8*v(l) + 3*z(l). What is t(-3)?
-14
Let i be (-255)/34*-3*(-8)/30. Let h(r) = r - 5. Give h(i).
-11
Let n(m) = -m**2 - 9*m - 2. Let z be n(-8). Suppose -3*a = -6*a + z. Let b(q) = -q + 1. Give b(a).
-1
Let d(y) = y - 2. Let u(t) = 24*t - 44. Let j(r) = 36*r - 66. Let h(c) = 5*j(c) - 8*u(c). Let b(f) = 68*d(f) + 6*h(f). Give b(-3).
8
Suppose 0 = -8*z - 18 + 154. Suppose z*b - 32*b - 90 = 0. Let o(a) be the first derivative of -a**3/3 - 7*a**2/2 - 6*a + 1. Determine o(b).
0
Let y(v) = -14*v**2 + 4*v - 14. Let n(c) = -5*c**2 + c - 5. Let q = 15 - 19. Let i(h) = q*y(h) + 11*n(h). What is i(6)?
7
Let f(b) = b**2 + 8*b + 14. Let h(a) = -a**2 - 7*a - 15. Let m(p) = -7*f(p) - 6*h(p). Calculate m(-12).
16
Suppose -2*y = r + 52, -3*r + y = -8*r - 242. Let z = r + 49. Let s(o) = -3*o**3 - o**2 + o - 1. Calculate s(z).
-4
Let y(c) = -c**3 - 3*c**2 + 3. Let f be y(-3). Let x(i) = i + 4. Let r be x(f). Let g(q) = q**2 - 6*q - 1. Calculate g(r).
6
Let d(s) = s**3 - 11*s**2 + 4. Let f be d(11). Let j(k) = -f*k + k**2 - 8 - 13*k + 16*k. Let h = -5 + 5. Calculate j(h).
-8
Let q(x) be the first derivative of x**2/2 - 3*x - 120. What is q(0)?
-3
Let x(n) be the third derivative of n**4/24 + 11*n**3/6 + 124*n**2. Calculate x(-13).
-2
Let h(b) = -2*b + 8. Let r be h(3). Let w(p) = 5 - 7 - r*p + 0 + 3*p. Determine w(-6).
-8
Let r(j) be the second derivative of -j**4/12 + 2*j**3/3 - j**2 + 3*j + 728. Let c be -1*(2 + -1 + -6). Give r(c).
-7
Let j(v) = -v**2 + 7*v - 8. Let r = 131 + -113. Let w be (-2)/r*2 + 195/27. Calculate j(w).
-8
Let k(p) = -5*p + 34. Let s(q) = 3*q - 23. Let g be (-10 + 14)*(-1 - -2) - -4. Let l(d) = g*s(d) + 5*k(d). Determine l(-8).
-6
Let l be (-6)/((9/6)/1) - -9. Let v be 23/l - (-6)/15. Let f(x) = -x**2 + 7*x - 1. What is f(v)?
9
Let j(x) be the third derivative of -x**4/24 + 13*x**3/6 + x**2. Suppose -4*r - 5*w = -7, -4*r + 4*w + 27 + 25 = 0. Give j(r).
5
Let d(h) be the first derivative of -h**4/4 - 2*h**3 + 9*h**2/2 - 6*h + 271. Determine d(-7).
-20
Let o(t) = -5*t + t + 2*t + 4. Let p be 17/(748/(-256)) + 4/(-22). Determine o(p).
16
Suppose -85*i + 102 + 153 = 0. Let m(t) = t - 2. Calculate m(i).
1
Let d(y) = -6*y - 2. Suppose 3*w + b - 21 = -4*b, 0 = 5*w + 2*b - 16. Determine d(w).
-14
Let j = -2098 + 2102. Let u(o) be the first derivative of o**2/2 - o + 2. Determine u(j).
3
Let p(c) = -c**2 - 12*c - 25. Suppose w - 4*s + 18 = 0, -13*w + 36 = -16*w + 3*s. Give p(w).
-5
Let h(r) be the third derivative of -5/3*r**3 + 0*r + 2 + 1/24*r**4 - 1/60*r**5 + 10*r**2. Give h(0).
-10
Let s = 57 + -69. Let x be (6 - 4)/((-4)/s). Let c(j) = -j**3 + 7*j**2 - 2*j - 3. What is c(x)?
21
Suppose -3*m - 12 = 5*k - 3*k, 0 = -4*k - 4*m - 20. Let d(f) = f**2 + f - 7. Let x(b) = -3*b**2 - 2*b + 20. Let v(h) = k*x(h) - 8*d(h). Give v(3).
-1
Let l be 1/(-2 + 25/10 + -1). Let a(k) = -k**2 + k + 3. Give a(l).
-3
Suppose 28*q + 14 = -266. Let t(l) be the first derivative of l**3/3 + 9*l**2/2 - 14*l + 1. Determine t(q).
-4
Let j = -2 - -1. Let a(b) = -20952*b - 20956*b + 41914*b. Calculate a(j).
-6
Suppose -4*f + 2*f = -4. Let k be (f - 9)*24/(-14). Let j be (-6)/k - (-22)/4. Let c(l) = -l + 12. Determine c(j).
7
Let o(q) = 3*q + 21. Suppose 3*y - 2*y + 2*f + 11 = 0, 0 = 3*y - 4*f + 3. What is o(y)?
6
Let b(q) be the first derivative of q**4/4 - q**3/3 - 10*q + 4. Let d(u) = 3*u - 7. Let t be d(6). Let g(o) = -o**2 + 11*o. Let f be g(t). Give b(f).
-10
Let o(a) = -a**2 - 5*a + 2. Suppose f = -2*w + 62 - 8, 5*w + 5*f = 145. Suppose -2*m - w = m - 5*z, -20 = 2*m - 5*z. Give o(m).
2
Let c(x) = 20690*x + 188 - 184 - 20689*x. Let w(l) = 8*l**2 - l + 1. Let a be w(1). Determine c(a).
12
Let u(d) = -d**3 - 6*d**2 - 6*d - 1. Suppose 4*v - 34*p + 38*p + 12 = 0, -p + 22 = -4*v. What is u(v)?
4
Suppose 3*o + 2*d - 8 = 6, -17 = -3*o - 5*d. Let g(m) be the second derivative of -1/20*m**5 + 0 + 2/3*m**3 + 2*m**2 - 1/4*m**o + 2*m. What is g(-4)?
4
Let p(o) = -2*o - 3. Let t be p(-4). Suppose -3*n - 12 = -t*n + 4*f, -5*f = -n + 15. Let z(h) = 17*h + 33*h + 25*h + 11 + 18*h - 92*h. Determine z(n).
11
Let c = -1261 + 1267. Let r(d) = d**2 - 11*d + 1. Let f(z) = z**2 - 10*z. Let h(s) = 6*f(s) - 5*r(s). What is h(c)?
1
Let a(o) = o**2 + 4*o - 5. Let l be (2 + -10)*(-3)/(-3). Let q be 7/(-28) + (-74)/l. Suppose -3*s - 13 = 5*p, -5*p - 3*s = s + q. Give a(p).
0
Let m = 9 + -6. Suppose -t - 2*w = m*w - 7, -3*t + 2*w = -4. Suppose t*n + 2 = -2*p, 4*n - 6 = 5*p - 4*p. Let o(y) = -6*y + 1. Calculate o(p).
13
Let c(f) = -3*f**2 - 2 + 8*f**2 - f**3 + 0*f**3 + 5*f. Let d be 4/14 + ((-120)/42)/10. Suppose d = 2*t - 4 - 8. Give c(t).
-8
Let j(g) = -1 + 215*g - 380*g + 158*g. Let c be -1 + 0 + (1 - 1). Calculate j(c).
6
Let d(c) = c**2 - c - 6. Suppose -3*p = 2*q - 19, 0*p - 2*p = 3*q - 16. Suppose -3*o - 4*z = -0*o - 4, 5 = 4*o + p*z. What is d(o)?
-6
Let c(l) = 13*l - 6. Let h(w) = -7*w + 4. Let s(z) = -6*c(z) - 11*h(z). Determine s(-6).
-2
Let u(b) = b**3 - b - 3. Let t(w) = 4*w**3 + 6*w**2 - 5*w - 3. Let y(x) = -t(x) + 3*u(x). Give y(-7).
29
Let s(q) = q**3 + q**2 + q - 1. Let v be 12/(-8)*8/6. Let a be (-10)/(-12)*-2*3. Let u be 6/15 - v/a. Give s(u).
-1
Let f(q) = -9 - 9*q**2 + 12 - q**2 + 11*q**2 - 8*q. Calculate f(7).
-4
Let s(d) = -d**3 - d**2 + 7. Let j = -8 - -10. Suppose 0 = -j*p - p. Suppose -5*x - 3*t = 3, p*x + t = x - 1. What is s(x)?
7
Let q(f) = 7*f**3 + 14*f**2 + 6*f - 6. Let a(l) = -5*l**3 - 13*l**2 - 7*l + 7. Let j(y) = 4*a(y) + 3*q(y). Give j(11).
21
Let w(v) = 4*v**3 - 4*v**2 - 3*v - 4. Let b(k) be the first derivative of -k**4/4 + k**3/3 + k - 48. Let j(f) = -3*b(f) - w(f). Give j(-2).
7
Let p be -2 + 1 + (-6)/(-2). Suppose 0 = p*c + 5*j + 16, 0*c - 4*j = -4*c + 24. Let z(a) = -1 + a + 0 - 2*a**c + 2*a**3 - 2*a. What is z(2)?
5
Let p(t) = 3*t + 1. Let s(y) = -5*y**2 + 6*y - 9. Let f(k) = 4*k**2 - 5*k + 8. Let a(x) = -6*f(x) - 5*s(x). Let m be a(0). Determine p(m).
-8
Let x(m) = 2*m - 4. Let n = -23 + 30. Let p = -1 + n. What is x(p)?
8
Let x(z) = z - 19 - 37 + 53. Let s = 0 - 4. Give x(s).
-7
Suppose 2*n = -5*s + 198 + 172, 5*s - 370 = n. Let q(z) = 7*z - s*z**2 + 148*z**2 + 8 - 73*z**2. Determine q(-6).
2
Let d be (-4)/18 - 2/(-9). Let u(v) = -5*v**3 - 5*v**2 + 6*v - 6. Let l(x) = -6*x**3 - 6*x**2 + 7*x - 5. Let t(f) = -6*l(f) + 7*u(f). Give t(d).
-12
Let f(v) = -15*v**2 + 4*v + 3. Let c(z) = 16*z**2 - 3*z - 2. Suppose -14 - 4 = 6*w. Let j(o) = w*f(o) - 4*c(o). Calculate j(-1).
-20
Let c(h) = 15*h - 20*h - 4*h + h**2 - 6. Calculate c(9).
-6
Let q(d) = 6 + 5 - 7 + 2 - d**2 + 10*d. Calculate q(10).
6
Let w(u) be the second derivative of u**5/20 - 11*u**2 - u + 171. Give w(0).
-22
Suppose -3*i = 5*d - 4 - 35, -49 = -5*i - 3*d. Let s(y) = -3*y + 2. Calculate s(i).
-22
Let y be 102 + (1 - -1)*-1. Suppose -22*z + 17*z = y. Let w = z - -19. Let l(n) = 7*n + 1. Determine l(w).
-6
Let u(w) = w**2 - 4 - 6*w**2 - w**3 + 4*w + 0*w**2. Let i(s) = 2 - 7*s + 4*s - 5*s. Let o be i(1). Calculate u(o).
8
Let l(t) be the second derivative of -t**6/360 - t**5/24 - t**4/12 - 5*t**3/6 + 10*t. Let y(a) be the second derivative of l(a). What is y(-3)?
4
Let c(z) = z - 1. Let l be c(3). Let k be 5 + -4 - 1 - l. Let b(p) = 2*p + 3 + p - 3*p + 3*p**2 + 3*p + 2*p**3. What is b(k)?
-7
Suppose -3*j = 2*g + 124, 0 = 5*j + 6*g - 3*g + 207. Let t be (12/j)/(1/(-49)). Let u(p) = -17 + 7 + t - p. Determine u(-6).
10
Let r(s) = s**2 + 3*s - 1. Let c(g) = 55*g + 440. Let q be c(-8). Determine r(q).
-1
Let w = 5 + -1. Suppose 0 + w = 2*s. Let q(j) = j**s - 1 - j - 3 + 1. Determine q(3).
3
Let h(o) = o**2 + o. Let u be h(-1). Let j(a) be the second derivative of a**5/20 - a**3/6 - 3*a**2 + 16*a. What is j(u)?
-6
Let k(j) = j. Let a(b) = 3*b - 3. Let y(q) = a(q) - 4*k(q). Suppose 23*l + 22*l = -360. What is y(l)?
5
Let h(j) = -2*j**2 + 5*j - 4. Let t be (-42)/4*2/3. Let i = t + 10. Give h(i).
-7
Let l(j) = -48 + 2*j**3 + 3*j**3 + 87 - 5*j + 2*j**2 - 4*j**3 - 47. Give l(-3).
-2
Let x(b) = 3*b - 14. Let y be 0 + (30*1 - 0). Suppose 2*q - 7*q + y = 0. Let g be x(q). Let c(n) = -n**3 + 4*n**2 + 2*n + 1. Determine c(g).
9
Let g(b) = 1 + 4*b + 2 + 0 - b**2. Suppose 0 = 2*m + 8, -2*l - 2*l = 2*m - 8. Calculate g(l).
3
Let q(i) 